+ 60. Let v(x) = -3*m(x) - 2*w(x). What is v(4)?
14
Let f(m) = 2*m**2 + 10*m - 14. Suppose 0 = 600*u + 3437 + 1201 + 162. What is f(u)?
34
Let b(x) = -101*x - 6. Let n(r) = -220*r - 13. Let t(q) = -13*b(q) + 6*n(q). Let z = -9 + 9. Let p be -1 + z - (-2 + 0). Determine t(p).
-7
Let k(c) be the second derivative of -c**5/20 + c**4/2 - c**3/2 + 3*c**2 - 4*c. Suppose 15*d - 74 - 7 = -6. Determine k(d).
16
Let a(c) = -3*c**3 - 10*c**2 + c + 3. Let j(t) be the first derivative of 4*t**4 + 17*t**3 - 3*t**2 - 14*t + 125. Let u(m) = -11*a(m) - 2*j(m). Calculate u(-8).
-13
Let n(i) be the second derivative of 6*i + 0*i**2 + 0*i**3 - 5/4*i**4 + 0 - 1/24*i**5 + 1/240*i**6. Let j(z) be the third derivative of n(z). What is j(4)?
7
Let f(m) = 301*m - 2*m**2 - 594*m - 1 + 2*m**3 + 295*m - 13*m**3. Give f(1).
-12
Suppose -2*z = -2*w + 234 - 188, -4*z = 28. Let h(t) be the second derivative of w*t + 0 + 7/2*t**2 + 1/6*t**3. Give h(0).
7
Let o(w) be the first derivative of -w**5/30 - 7*w**4/24 - w**3/3 - 72*w**2 + 112. Let m(t) be the second derivative of o(t). Determine m(-4).
-6
Suppose 105*z + 23056 = 23686. Let g(d) = 15*d**2 - 5*d + 5. Let a(k) = -7*k**2 + 3*k - 3. Let w(q) = -13*a(q) - 6*g(q). What is w(z)?
-9
Let r(u) = 2*u**2 + 6*u. Let h be 10/(-4)*232/145. Determine r(h).
8
Let t(j) be the second derivative of -5*j**4/12 - j**3 - 3*j**2/2 - 65*j. Let s(h) = -21*h**2 - 25*h - 13. Let w(a) = 2*s(a) - 9*t(a). Give w(-3).
16
Let i(k) be the second derivative of -k**4/4 + k**3/6 - 15*k**2/2 - 613*k + 2. Determine i(0).
-15
Suppose d + 19 = -w, -d - 2*d + 7 = -w. Let k(j) = -j**2 + 100 - 15*j - 13 - 70. Let l be k(w). Let m(i) = 3*i**2 + 2*i - 1. Calculate m(l).
4
Suppose 21 = k - 4*h, -4*h - 27 = -7. Let l(c) = 12*c**2 - 2. Let w be l(k). Suppose 4*d = -2*m - w, 3*d + 26 + 14 = 5*m. Let o(x) = 2*x - 3. Give o(m).
7
Let i(d) = -15*d**2 - 6. Let o(b) = 2*b**2 - b + 1. Let t = 583 + -586. Let m(u) = t*o(u) - i(u). Give m(-2).
33
Let y be (-4)/10*(-25)/5. Let r(p) be the first derivative of p**4/4 - p**3 - p**2/2 + 4*p - 4009. Determine r(y).
-2
Suppose -102*n - 133*n = -59*n - 1584. Let r(x) = -x**2 - 3*x + 107. Give r(n).
-1
Let g be ((-5)/20)/(2/(-8)). Let a(d) = -3*d - g - 4 + 4*d - 1. Let h(w) = 26*w**2 - 260*w - 5. Let v be h(10). Determine a(v).
-11
Let q be -2*(-1 - ((3 - 1) + (-30)/(-4))). Let m(r) = -r**2 + 19*r + 42. What is m(q)?
0
Let y(b) = -b**2 - 5*b + 7. Suppose -15*v - v = -96. Let g(l) = l**3 - 5*l**2 - 7*l. Let z be g(v). Give y(z).
1
Let j(g) = g - 5. Let c(a) = 5*a - 25. Let v(p) = 2*c(p) - 11*j(p). Let r be 27365/39 - 10/6 - 6. Suppose 638 = -8*u + r. Determine v(u).
-2
Let v(z) = z**2 + 3*z - 7. Let g be (11 + -12)*(28/(-2))/1. Let r = 28 - g. Suppose r = -2*d - y, -y = -5*d + 2*d - 11. What is v(d)?
3
Let w(l) be the second derivative of -17*l**3/6 - 197*l**2/2 - 212*l + 5. What is w(-13)?
24
Let q(l) = l**2 - 4*l + 6. Suppose 50 = -h - 0. Let g = 50 + h. Suppose g = 2*f + 25 - 35. Give q(f).
11
Let i(c) = c**2 + 4*c + 5. Let b(t) = -3*t + 30. Let g be b(12). Let d(k) = 2*k - 13. Let h be d(-7). Let v be 0*(4 + h/6) + g. Calculate i(v).
17
Let m(h) = -5*h - 2261. Let u(w) = -3*w - 1616. Let l(i) = -5*m(i) + 7*u(i). Suppose 4*a + y - 13 = 0, -3*y = -2*a - 3*a + 29. Calculate l(a).
9
Let o be -91 - (-1)/(2/(-4)). Let n = o - -94. Let w(z) = -z. Let q(j) = -j. Let s(k) = -3*q(k) + w(k). Give s(n).
2
Let d(s) = -s**3 - 15*s**2 + 2*s + 16. Let w(x) = -2*x**2 + 23*x - 45. Let l(i) = 3*i. Let o(k) = -2*l(k) - w(k). Let m be o(12). Give d(m).
-14
Let x = -21 + 12. Let u(v) be the second derivative of -2*v**3/3 - 11*v**2/2 + 2110*v. Calculate u(x).
25
Suppose f = 2 + 3. Let l(y) = -y**3 + 5482*y**2 - 5487*y**2 + 3*y - f - 3*y. What is l(-4)?
-21
Suppose 315 - 123 = 12*d. Let r(g) = -g**2 + 23*g - 107. Let m be r(d). Let z(c) = -c**2 + c + 7. Give z(m).
-13
Let m = 26 + -5. Let v be m/(-42) + (-13)/(-2). Let y(a) = 7 - 8 + a - v. Give y(-5).
-12
Let v(x) = x**3 - 6*x**2 + 13*x - 67. Let b be v(6). Suppose 0 = -b*p + 21 - 43. Let n(w) = w**2 + 2*w. Determine n(p).
0
Let n = -64 - -69. Let r(b) = b**3 - 7*b**2 + 4*b. Give r(n).
-30
Suppose 0 = -2*p - 3*f + 9, -5*p + 6*f = 7*f - 29. Let v be 15/((-45)/p) - -2. Let q(u) be the second derivative of u**3/6 + 2*u**2 + u. Determine q(v).
4
Let z(i) = i**3 - i**2 - i - 10. Suppose 1 = 5*t + 6. Let x be (-3)/(30/25)*2/t. Suppose -5*n = -x*n + 3*n. What is z(n)?
-10
Let f(i) = i**3 + 6*i**2 + 5*i - 10. Let m be -2*106/40 + (-1140)/(-3800). Determine f(m).
-10
Let l = -32 - -172. Let j = -138 + l. Suppose 2*c + 9 = k, 3*k = 7*c - j*c + 25. Let d(p) = 2*p. Give d(k).
10
Suppose 196 = 29*x - x. Let b(k) = k**3 - k**2 + k. Let z(f) = -f**3 - 4*f**2 - 12*f + 7. Let o be (-11 + 10)/(2/4). Let q(p) = o*b(p) - z(p). Calculate q(x).
14
Let l be ((136/2)/(-4))/(-1). Suppose -10*n - 14 = -l*n. Let m be 130/(-39)*(n + 16/(-5)). Let c(q) = -q - 3. What is c(m)?
-7
Suppose 0 = -20*l + 139 + 41. Let z(w) = -4*w**2 + 27*w + 5. Determine z(l).
-76
Let t(f) = f**3 - 447*f**2 + 16*f + 11 + 885*f**2 - 451*f**2. What is t(12)?
59
Let b(n) = n**3 + 9*n**2 + 11*n + 6. Suppose -115 - 375 = -14*i. Suppose 0 = -4*t - t - i. Determine b(t).
27
Let h(g) be the second derivative of -g**3/6 - g**2 - 21*g. Let i = -30 + 45. Suppose i = -2*m - 1. What is h(m)?
6
Let n(v) = -v**2 + 6*v + 9. Suppose 4*u + 8*r = 7*r + 360, -3*u = -r - 270. Let z be 11 + u/(-8) + (-58)/(-8). Give n(z).
2
Let r = 151 + -150. Let g(l) = 4*l**2 - 3*l + 1. Let j(u) = -u**2. Let p(f) = r*g(f) + 5*j(f). What is p(-6)?
-17
Let b(a) be the first derivative of -a**3/3 - 41*a**2/2 - 37*a + 6342. Calculate b(-40).
3
Let h(v) = -v**2 + 14*v + 1. Let m be h(14). Let s(d) be the first derivative of -21*d**4/4 + d**3/3 + 1574. Determine s(m).
-20
Suppose 15 = z + 5*m, 0 = 4*z + 2*m - 9 + 39. Let v(n) = 493*n**3 - 494*n**3 - 9*n**2 + 4 + 10*n + 11. Determine v(z).
15
Let b(s) = -s**3 + 45*s**2 - 44*s - 3. Let q be b(44). Let o = 4 - 3. Let y(i) = 1 - 3 + 0*i - 3*i + o. What is y(q)?
8
Suppose 21*p - 812 = 108*p + 29*p. Let f(x) be the first derivative of -x**3/3 - 4*x**2 - 7*x + 2. Give f(p).
0
Let a(x) = 2*x. Let o be (-1)/3 - (2024/(-33))/(-23). Give a(o).
-6
Let h(y) = 35*y + 3*y + 16*y - 16 + 100*y**2 - 95*y**2 + 0. Determine h(-11).
-5
Let y(u) = -u**3 + 13*u**2 - 22*u - 12. Suppose 2*x + 5*v - 17 = 0, -v = -23 + 24. Give y(x).
-12
Suppose -42 = -y + 3*y. Let p(g) = -4*g**2 + 38*g + 67. Let f(l) = 5*l**2 - 52*l - 90. Let o(k) = 7*f(k) + 9*p(k). Give o(y).
-6
Let v(n) = 4*n**2 - 2*n - 6. Let u(o) = -2*o**3 - 17*o**2 + 11*o + 11. Let r be u(-9). Let y(z) = -9*z**2 + 6*z + 12. Let x(j) = r*v(j) - 3*y(j). Give x(-5).
1
Let o(b) be the second derivative of b**4/12 + b**3/2 - 2*b**2 + 8786*b. Give o(3).
14
Let l(z) be the first derivative of -1/4*z**4 - 7/3*z**3 + 4*z**2 - 6*z + 22. Give l(-8).
-6
Let d(z) = -6*z + 57. Suppose 4*p - 152*h + 157*h = 57, -4*p + 5*h + 7 = 0. What is d(p)?
9
Let v be 3 - -22*16/32. Let f(y) = -y - 3. Determine f(v).
-17
Suppose 46*s = 50*s + 180. Let q be (-158)/(-18) + (-280)/s + -6. Let f(j) = j**3 - 10*j**2 + 11*j - 12. Calculate f(q).
6
Let v(h) = 14*h - 6*h + 18*h + 18*h - 50*h. Let b = 4 - 6. What is v(b)?
12
Let m(s) = 4 - 3 - 2*s + 2. Let y be (-48)/(-624) + (-66)/13. Give m(y).
13
Let x(p) be the second derivative of -p**5/20 + 2*p**4 + 29*p**3/6 - 54*p**2 - 1735*p. Calculate x(25).
-8
Let s(p) = 4*p**2 + 297 - 477 + 168. Calculate s(-3).
24
Let w(x) = -5*x**3 - 12*x**2 - 14*x + 10. Let g(n) = -11*n**3 - 25*n**2 - 29*n + 20. Let z be (-1)/((-4 + 1)/39). Let o(h) = z*w(h) - 6*g(h). Give o(7).
3
Let i(l) be the first derivative of l**4/6 - l**3/2 + l**2 - 52*l - 85. Let q(t) be the first derivative of i(t). Determine q(2).
4
Let r(c) = c**3 - 19*c**2 - 16*c - 29. Suppose 2853 = -2*d + 2893. What is r(d)?
51
Let k(w) = -3*w + 8*w + w**2 - w**2 - 3 - w**2. Let x(q) = q**3 - 18*q - 4. Let l be x(-4). What is k(l)?
1
Let g(d) = 304*d - 9. Let l be g(-1). Let f = l - -311. Let w(x) = 4*x**2 - 3*x - 4. Give w(f).
18
Let t(j) be the third derivative of j**5/12 - 5*j**4/24 - 7*j**3/6 - j**2 + 243*j. Calculate t(3).
23
Let m(t) = -3*t - 6. Let h(k) = 2*k + 4. Let r(o) = -7*h(o) - 5*m(o). Let p = 39 + -32. Suppose a - 2*l + 0 = -p, -2*a = -2*